ine r(b).
-7
Let n(a) = 6 - 20*a**2 - 19*a**2 + 38*a**2 - 3*a + 6 - 2. Determine n(-6).
-8
Suppose 80 = 13*o + 15. Suppose o*k = 5*v + 20, 0 = -5*v + 3*k - 3 - 11. Let q(a) = -6*a**2 - 1. Give q(v).
-7
Let x(b) = b**2 + b + 2. Let d(j) = j**2 + 4*j - 3. Let n(r) = r**2 + 4*r - 2. Let w(q) = 3*d(q) - 4*n(q). Let u be w(-3). Determine x(u).
8
Suppose 2*q + 2*q = -3*r - 2, 0 = 4*r + 3*q - 2. Let v(a) be the third derivative of 2*a**2 + 1/6*a**3 + 0*a - 1/30*a**5 + 0 + 1/24*a**4. Give v(r).
-5
Suppose -6*l = -11*l. Let v(d) = -d**2 + l*d**2 - 21*d + 25*d + 1. Suppose -h = 3*h - 16. Give v(h).
1
Let r(l) = l - 3. Let y = -80 - -89. Give r(y).
6
Let d be 1*(0 - 6 - (-2 - 3)). Let w(b) be the second derivative of -b**4/2 + 11*b. Determine w(d).
-6
Let g(y) = 2*y**3 - 17*y**2 + 4*y - 11. Let z(x) = -3*x**3 + 25*x**2 - 6*x + 17. Let f(a) = 8*g(a) + 5*z(a). Give f(11).
19
Let p(s) = 10*s. Let u(a) = -18 - 18 + 35. Let v(i) = p(i) - 2*u(i). What is v(-2)?
-18
Suppose 3*a + 12 = -h + 8, a = -5*h + 22. Let r(z) = -z**3 + 4*z**2 + 4*z + 7. Calculate r(h).
2
Let c(v) = 2 - 2*v + 0*v - 1. Let r = 15 - 12. Calculate c(r).
-5
Let d(q) be the third derivative of -q**5/60 - 13*q**4/24 - 25*q**3/6 + q**2 - 7. Calculate d(-10).
5
Let h(p) = 1 - 1 + 1. Suppose 2 = 3*s - 1. Let u(k) = -k**3 + 3*k**2 + 3*k + 7. Let q(o) = s*u(o) - 3*h(o). Determine q(3).
13
Let x(d) be the third derivative of d**5/60 - 5*d**4/24 + 7*d**3/3 - 511*d**2. Determine x(7).
28
Let r(a) be the second derivative of a**4/12 + a**3 - 7*a**2/2 + 70*a. Give r(-5).
-12
Let g(z) = z - 9 - 6 - 2 + 8. Calculate g(12).
3
Let w(n) = n**3 + 4*n**2 - 5*n + 1. Let z = 11 - 3. Let o = z + -13. Calculate w(o).
1
Let g(m) = -3*m**3 + 6*m**2 - 4*m - 5. Let v(z) be the first derivative of z**4/2 - 5*z**3/3 + 3*z**2/2 + 4*z - 15. Let k(n) = -3*g(n) - 4*v(n). Give k(-1).
0
Suppose 84 + 96 = 12*g. Let f(r) = g - 2*r - r**2 - 3*r - 6 - 8. What is f(-4)?
5
Let q(p) be the first derivative of -4 - 4/3*p**3 - 2*p**2 - 1/4*p**4 - 2*p. Calculate q(-2).
-2
Let h(n) = n + 1. Let y(j) = 10*j + 3. Let x(g) = -4*h(g) + y(g). Suppose -3*a = 81 - 78. Determine x(a).
-7
Let w(t) = -3*t - 5. Let q(n) = 3*n + 6. Let j(x) = -4*q(x) - 5*w(x). Suppose -u - 5*f - 4 = -6, -5*u = -2*f - 10. Let p be 12/(-32)*-2 + u/8. What is j(p)?
4
Let l(o) = 2*o. Suppose 0 = 2*i - f - 3*f - 20, -3*f = 0. Suppose 11 = -4*w + 4*n + 3, 5*w + n + i = 0. Give l(w).
-4
Let b(a) = -a + 10. Suppose -126 = 5*h - 186. Determine b(h).
-2
Let f(i) = 2*i + 6. Let w be f(-5). Let g(x) be the first derivative of x**2/2 - 5*x - 183. Give g(w).
-9
Let o(x) = x**2 + 3 - 6 + 4 + x. Let a = -2250 + 2247. Determine o(a).
7
Let t(d) = 4*d**2 - 4. Suppose -57 = 9*j - 39. What is t(j)?
12
Let s(j) = 3*j + 31. Suppose -3*r + 53 - 77 = 0. Determine s(r).
7
Let y(q) = q**3 - q**2 - 2*q + 1. Let a be y(2). Let u be 3/(-1)*4*a/4. Let x(k) = 3*k**2 + 2*k - 1. Give x(u).
20
Let r(h) = -7*h + 2. Suppose -l + 6*l = 15. Let n be 5*1/5*l. Let i be (1 - 15/9)*n. Give r(i).
16
Let p(y) = -y**2 + 4*y + 2. Let o be p(4). Suppose -4*u - 4*t = -52, 0*t = -5*u - o*t + 56. Let v = u - 12. Let w(c) = -c - 1. Give w(v).
1
Let f(i) = -i**2 + 9*i + 1. Let s be (-6)/(-4) - 12/(-24). Let h be -1*(-19)/s + (-30)/20. Calculate f(h).
9
Let v(x) = 2*x - 3. Let b be -7 - (-5 - (-2)/(8/4)). What is v(b)?
-9
Let f(b) = b**3 - 2*b**2 + b - 2. Suppose 4*y = 29 + 7. Let c(l) = l**3 - 8*l**2 - 8*l - 7. Let i be c(y). Calculate f(i).
0
Let v(f) = -13 - 3*f**2 + 2*f**2 - 1. Let u be 0/((-3)/3 - 1). Calculate v(u).
-14
Let s be (6/5 - 1) + (-38)/190. Let k(q) = 2*q**3 - 2*q**2. Let i(d) = 3*d**3 - 3*d**2 - 1. Let n(t) = 3*i(t) - 4*k(t). Calculate n(s).
-3
Let j(o) = -o**3 - 5*o**2 - 6. Let c be (-2)/2*85/(-5). Let i be 5*(4 + c/(-5)). Let h be (1/i)/((-2)/30). Give j(h).
-6
Let t(p) = -13*p - 10. Let s(a) = 21*a + 15. Let o(d) = 5*s(d) + 8*t(d). Give o(-9).
-14
Suppose 3*l = 11 + 7. Let f(t) be the second derivative of 1/20*t**5 - 5/12*t**4 + 16*t - 2/3*t**3 + 0 - 7/2*t**2. Give f(l).
5
Let j(z) = -z**2 + 3*z - 9. Suppose -118 = 39*w - 352. Determine j(w).
-27
Let k(f) be the first derivative of 17*f**3/3 + f**2/2 + 56. Calculate k(1).
18
Let t be 4 - (-4)/(-1) - -3. Suppose 0 = 3*u + u + 5*k - 27, -3*u + t*k = 0. Let l(d) = -4*d + 3. Give l(u).
-9
Let d(g) = -g**3 - 5*g**2 - 7*g - 6. Suppose 11*z + 32 = 3*z. Determine d(z).
6
Let b(u) = -1 + 2*u + 5*u**2 - 6*u**2 - 3*u**2. Let j be 2/(-4) + (-6)/(-4). Determine b(j).
-3
Let g(n) = -n**3 + 7*n**2 + 3*n + 3. Suppose -7*u - 13 = -2*b - 8*u, -3*u - 38 = -5*b. Give g(b).
24
Let s(w) = -w + 3. Suppose 72 - 24 = 8*k. Let v be s(k). Let m(c) = -c**3 - 3*c**2 - 3*c - 2. Calculate m(v).
7
Let z(q) = -q + 5. Let j(g) = -g**2 + 8*g + 9. Let p be j(9). Let i(n) = n**3 - n**2 - 3. Let u be i(p). Let r(b) = b. Let k(w) = u*r(w) - z(w). What is k(-6)?
7
Let k(u) = -u**3 + 4*u**2 + 15*u - 11. Suppose 5*m = 3*j - 43, 2 = 2*j - 4*m - 30. Give k(j).
7
Let x(a) = 56*a**2 + 20. Let t(s) = 19*s**2 + 7. Let k(l) = -17*t(l) + 6*x(l). Suppose q + w + 14 = 6*w, 3*q = -5*w + 18. Give k(q).
14
Let k(z) be the first derivative of -z**4/4 + 16*z**3/3 + 2*z**2 - 68*z + 540. Calculate k(16).
-4
Let x(p) = -6*p - 4510*p**2 - 7 - 4510*p**2 + 9019*p**2. What is x(-6)?
-7
Suppose 2 + 10 = 2*b. Let v(k) = k**3 - 3*k**2 + 3*k - 7. Let x be v(3). Let h(r) = 7 + 3*r - 15 - x*r. What is h(b)?
-2
Let k(i) = -i**2 - 11*i + 6. Let t be k(-10). Suppose -t = -4*z + 12. Let r(c) = -c**2 + 5*c + 7. Give r(z).
-7
Let w(b) = -b**2 + 3*b - 3. Let v be w(2). Let o(f) = -f + 2. Let c be o(0). Let g(j) = j + 3*j + c*j. Determine g(v).
-6
Let i(m) be the second derivative of -2*m**3/3 - m**2 - 4*m + 6. Give i(-2).
6
Let u(i) = 2*i**2 + 2*i - 2. Let n(l) = -131*l - 262. Let r be n(-2). Give u(r).
-2
Let n be 749/(-535) - ((-4)/10 - 0). Let x(l) = -19*l**2 + 2*l + 2. Give x(n).
-19
Suppose 4*p = 2*t - 20, -2*p - 20 = -t - t. Suppose 4*x = 5*k - 3*k + 4, -2*k + t = 3*x. Let u(i) = k*i - 2 - 2*i + 2*i**2 - 6*i**2 + i**3. What is u(3)?
-11
Let k be (-2)/(-1) - 1 - (-11 - -40). Suppose 5*z = -148 + 13. Let t = z - k. Let q(g) = -8*g + 1. Determine q(t).
-7
Let f be 18/(-15)*(12/24 + -3). Let o(r) = r**3 - 2*r**2 - 6*r + 8. Determine o(f).
-1
Let f(a) = -18*a - 518. Let x be f(-29). Let j(c) = -c**2 + 7*c. What is j(x)?
12
Let g(l) = 5*l - 6. Let d(f) = 2*f - 3. Let v(m) = 7*d(m) - 3*g(m). What is v(5)?
-8
Let y(f) be the first derivative of f**6/360 - f**5/60 + f**4/24 - 4*f**3 + 28. Let r(o) be the third derivative of y(o). Give r(2).
1
Let b(q) = 3*q - 2. Let d be (2/4)/((-10)/(-40)) + 1. Determine b(d).
7
Let x(m) be the second derivative of -m**5/20 - m**4/2 - m**3/6 - 3*m**2 - 3*m. Suppose -7 - 1 = 2*j. Let v be j*2/(-8)*-6. Give x(v).
0
Let u(b) = -b - 7. Suppose 0 = -5*t + 10*t - 4*d - 46, 0 = -t - 6*d + 16. What is u(t)?
-17
Let c(w) = 84*w - 51*w + 1 + 9*w**2 - 34*w - 1. Let p be (-2 - -2)/(-2 + 0). Suppose 2*k = -p + 2. Determine c(k).
8
Let y(m) = -m - 8. Let k = 39 - 42. Let s be 26/k + 6/9. Calculate y(s).
0
Suppose -4 = -0*q + 2*q, 2*q - 14 = -2*u. Suppose 0 = n - u + 15. Let w(k) = -k**3 - 6*k**2 + 3*k + 5. Give w(n).
-13
Let c be (2/(-4))/((-7)/(-98)). Let q(p) = 6*p + 17 - 6 - 18 + p**2 + 0*p**2. Give q(c).
0
Let c(v) = 2*v - 1. Let h(s) = -s**2 + 4*s - 2. Let d(q) = -5*c(q) - h(q). Calculate d(9).
-38
Let i(h) be the first derivative of -h**2/2 + 8*h - 426. Determine i(12).
-4
Suppose -r - 6 = f - 1, 5*r = 2*f - 39. Let x(a) = 2*a**3 - 7*a**2 + 9*a + 13. Let c(m) = -m**3 + 4*m**2 - 5*m - 7. Let t(g) = r*c(g) - 4*x(g). Give t(0).
-3
Let h(v) be the second derivative of -v**5/20 + 5*v**4/12 + 2*v**3/3 - 7*v**2/2 - 11*v - 5. Determine h(6).
-19
Let l(i) be the second derivative of 4*i - 2*i**2 - 1/4*i**4 + 0 - 1/3*i**3. What is l(-3)?
-25
Let x = 127 + -130. Let j be ((-30)/(-40))/(0 + x/24). Let m(h) = -h**3 - 6*h**2 + 2*h + 7. Calculate m(j).
-5
Let n(b) = -b**2 - 5*b + 6. Let w = -111 - -116. Suppose -5*l + 3*g - 50 = 0, -2*l - 60 = 3*l - w*g. Calculate n(l).
-8
Let j(c) = 6*c - 1. Let u(w) = -11*w + 3. Let n(h) = -5*j(h) - 3*u(h). Let x be -9 + (8 - 7) + 11. Determine n(x).
5
Let d(w) = w**2 + w - 2. Let q be (-6)/(-18) - ((-52)/6 - 2). Suppose -7 = 2*x - q. Determine d(x).
4
Let y(m) be the first